269?
-100305
In base 4, what is 21122210120 + -11?
21122210103
In base 4, what is 232 + -13122211?
-13121313
In base 3, what is 22202201 + 1021220100?
1121200001
In base 10, what is 4409 - 1809?
2600
In base 8, what is 3434 + -10530?
-5074
In base 12, what is -3 + 1204703?
1204700
In base 15, what is -70c - -3b9e?
3492
In base 15, what is -2bed - -42bb?
15bd
In base 9, what is -21216 - -17?
-21188
In base 16, what is -4 + 3d25de?
3d25da
In base 9, what is 605881 + -31?
605850
In base 15, what is -2e724c8 + 3?
-2e724c5
In base 10, what is -17932500 + -1?
-17932501
In base 2, what is 101111010110101100 + -1101100?
101111010101000000
In base 14, what is -12 - 1b250c?
-1b2520
In base 14, what is 9 - -18833d4?
18833dd
In base 9, what is -2284622 - 337?
-2285060
In base 7, what is -142511562 - 0?
-142511562
In base 12, what is 40a + 2bb883?
300091
In base 9, what is -3 + -4250607?
-4250611
In base 14, what is -3 - -c1a0b9?
c1a0b6
In base 2, what is -1110100 - -110000010000100011?
110000001110101111
In base 3, what is -202 - -1111110021002211?
1111110021002002
In base 8, what is -270131 + 241?
-267670
In base 9, what is 1110424 + -46?
1110367
In base 5, what is 2022223402 - -2?
2022223404
In base 16, what is -1a25c49 - -3?
-1a25c46
In base 9, what is -6167 - 255?
-6433
In base 11, what is 91835 - -259?
91a93
In base 15, what is -41 - -2aea7b?
2aea3a
In base 11, what is 18829 + 4a2?
19220
In base 14, what is 1 + -a289a4?
-a289a3
In base 5, what is -1 + 1132101311?
1132101310
In base 9, what is 7075 + -65508?
-57423
In base 11, what is 138033a91 - 0?
138033a91
In base 12, what is -8b + -489242?
-489311
In base 14, what is -11182668 - 3?
-1118266b
In base 11, what is a85525 - -6?
a85530
In base 5, what is 222 - 434314333?
-434314111
In base 12, what is -2262 - 7050?
-92b2
In base 11, what is -4835 + 6203?
1479
In base 15, what is -5 + -442d21?
-442d26
In base 10, what is 275 + 18284?
18559
In base 9, what is 502 + -86662?
-86160
In base 12, what is 9 + -a9b94a8?
-a9b949b
In base 4, what is -210 + 22030212102?
22030211232
In base 7, what is -132650 + -1153?
-134133
In base 10, what is -50 + -8120623?
-8120673
In base 6, what is 4443 - 45320?
-40433
In base 4, what is 21201 - 10111111?
-10023310
In base 13, what is -7 + 14b920b?
14b9204
In base 4, what is -131 - -1002013012?
1002012221
In base 2, what is 10111000010001000001 + -1110110?
10111000001111001011
In base 12, what is -3997 - 15692?
-19469
In base 3, what is 100 + 1020100002221211?
1020100002222011
In base 16, what is 78 + bf41?
bfb9
In base 6, what is 510 - -1320124?
1321034
In base 6, what is -4300122 + 21?
-4300101
In base 4, what is 23320 + -12103322132?
-12103232212
In base 3, what is 200002201011010 + -120?
200002201010120
In base 11, what is -15482 - 6776?
-21148
In base 12, what is 24b - 62b59?
-6290a
In base 8, what is -12 - -4036517?
4036505
In base 12, what is -120249 + 6?
-120243
In base 14, what is -157297b - -5?
-1572976
In base 15, what is -1ac89537 - -3?
-1ac89534
In base 9, what is 8 + 7368258?
7368267
In base 6, what is 3515 + 3034?
10553
In base 5, what is 201313144 - -12?
201313211
In base 13, what is 46179 - -9?
46185
In base 12, what is -18 + -17111b7?
-1711213
In base 10, what is -133615 + 5?
-133610
In base 13, what is 399 - 95a5?
-9209
In base 16, what is 1ec6 - 3b49?
-1c83
In base 8, what is -3516152 + 176?
-3515754
In base 11, what is -92 + -344129?
-344210
In base 16, what is -6dd7 - -e5?
-6cf2
In base 4, what is -2131022103110 - -111?
-2131022102333
In base 15, what is 2739163 + -6?
273915c
In base 9, what is -5 + -148725201?
-148725206
In base 7, what is 1 - 254255044?
-254255043
In base 3, what is 2 - -1110010001020?
1110010001022
In base 9, what is -5353480 + -2?
-5353482
In base 8, what is 11265 + -15444?
-4157
In base 13, what is 2 + 10a4425?
10a4427
In base 8, what is 213 - 273457?
-273244
In base 4, what is -3 - -21303033203?
21303033200
In base 15, what is -c89 - b4d1?
-c26a
In base 4, what is 3 + -120301233322222?
-120301233322213
In base 16, what is 1bf78 + -1ae?
1bdca
In base 4, what is -1232 - 1103112320?
-1103120212
In base 14, what is 7d8300d - 5?
7d83008
In base 4, what is -21133133101 - 1302?
-21133201003
In base 7, what is 16010206 - -1256?
16011465
In base 5, what is 31443311413 + 0?
31443311413
In base 16, what is 6d - 178ef1?
-178e84
In base 8, what is -1 - -1040660?
1040657
In base 3, what is 11112101102 + -1220?
11112022112
In base 2, what is 1000101000000100111101100 - 10?
1000101000000100111101010
In base 2, what is 101010110011011100100111 + -11001?
101010110011011100001110
In base 14, what is d538215 - 2?
d538213
In base 8, what is 1115406474 + 3?
1115406477
In base 9, what is -1821 - 17726?
-20647
In base 16, what is 28d5 + -ae25?
-8550
In base 9, what is 5 + 37846127?
37846133
In base 11, what is 6639a6 + 5?
663a00
In base 8, what is -10220315 + -40?
-10220355
In base 15, what is -5 - 2d43b22?
-2d43b27
In base 16, what is -5 - -144babdf?
144babda
In base 9, what is -45042 - -756?
-44175
In base 8, what is -304377 - -6577?
-275600
In base 10, what is -972545 - 0?
-972545
In base 3, what is 110121222202 - -102210?
110122102112
In base 14, what is 56b1 + -a6d?
4a42
In base 8, what is 7064351 - 25?
7064324
In base 7, what is 1251 - 424443?
-423162
In base 6, what is 5242012542 + 1?
5242012543
In base 6, what is 432051 - -1001?
433052
In base 4, what is -323112 - -202031?
-121021
In base 13, what is -636b + 153?
-6218
In base 5, what is 11222 - -113423?
130200
In base 4, what is 330033 + -1322222?
-332123
In base 14, what is 3131b + -2?
31319
In base 9, what is 221 + -741016?
-740685
In base 6, what is -5310420250 + 4?
-5310420242
In base 13, what is 3 - 18049c26?
-18049c23
In base 6, what is -11 - -22250144?
22250133
In base 5, what is -2112034 - 1114403?
-3231442
In base 7, what is 223131155 + 0?
223131155
In base 4, what is 10 - 2221011011?
-2221011001
In base 14, what is 1230494 - a?
1230488
In base 7, what is 5645410 - 362?
5645015
In base 4, what is -32232103 - 1003031?
-33301200
In base 6, what is 2211431521 + -3?
2211431514
In base 9, what is -1766 - -32182?
30315
In base 3, what is 211112012121 + -2220?
211112002201
In base 10, what is 4810079 - 0?
4810079
In base 8, what is -50644002 - -6?
-50643774
In base 7, what is -20366516 - 2?
-20366521
In base 2, what is -10 + 10010011101101000011000001?
10010011101101000010111111
In base 6, what is -1505345 - -32?
-1505313
In base 7, what is 23311 + 1144?
24455
In base 16, what is 830 - 2f75?
-2745
In base 6, what is -4122125014 + -3?
-4122125021
In base 13, what is -5018017c + -1?
-50180180
In base 9, what is 66581 - 241?
66340
In base 3, what is 120111201201 - -2222?
120111211200
In base 7, what is 602404 + -1444?
600630
In base 16, what is 94 - -4c2?
556
In base 9, what is 172164243 - 2?
172164241
In base 3, what is 21112022 - 1022202021?
-1001012222
In base 7, what is -56156000 - 0?
-56156000
In base 14, what is 11ca6 - -4a6?
1236c
In base 7, what is -1 - 1565613?
-1565614
In base 11, what is -42 - -148694?
148652
In base 10, what is 732 - 17145?
-16413
In base 3, what is -1202111011 - -2011122?
-1200022112
In base 8, what is 5 - 50774053?
-50774046
In base 13, what is 11 - -549c911?
549c922
In base 12, what is 15 + 933050?
933065
In base 8, what is 7 - 276011?
-276002
In base 4, what is 10 - -1102223220323?
1102223220333
In base 16, what is -1207 - -48?
-11bf
In base 9, what is -4206160 + -12?
-4206172
In base 10, what is 4059648 - -24?
4059672
In base 9, what is -72578512 - -3?
-72578508
In base 3, what is 100102221211122 - -10?
100102221211202
In base 3, what is -1211 + 10112100201120?
10112100122202
In base 8, what is -14147573 - -5?
-14147566
In base 5, what is -1103421 + -41?
-1104012
In base 12, what is 3548 - 1594?
1b74
In base 11, what is 33a2 - -2607?
59a9
In base 5, what is -11103401233 + -10?
-11103401243
In base 5, what is -434233402 + 13?
-434233334
In base 9, what is -18 + 58626203?
58626174
In base 12, what is 27bb - 12453?
-b854
In base 14, what is -6c - 322912?
-322980
In base 10, what is 303535 + 3?
303538
In base 16, what is -2e8 - -12a0?
fb8
In base 6, what is -10053311 - 44?
-10053355
In base 10, what is 95 - 11192328?
-11192233
In base 8, what is -35041623 - -5?
